a - 8 + 17. Suppose -2055 = -a*c - 0*c. Is c composite?
True
Suppose 4*x + 4*x = 0. Suppose 4*s - 3*z + 1144 = x, 2*s = -2*s - 3*z - 1168. Is 6 - 0 - s - (-1 + -2) a composite number?
True
Let a = 3597 + -2111. Let q = a - 845. Is q composite?
False
Suppose -u = 2*u. Suppose u = -23*y + 22*y + 641. Suppose -5*z + y = -3084. Is z composite?
True
Let p(y) = -y - 1 + 2*y + 1 - y**2. Let j(m) = 5. Let t(h) = -j(h) - 5*p(h). Is t(4) a prime number?
False
Suppose 112*c - 4974800 - 12701376 = 0. Is c composite?
False
Suppose -3*g + 3766 = -3*v - 2792, -3*g + 6558 = -2*v. Suppose 4*z + g = -q + 3*q, -q + 3*z + 1090 = 0. Is q a prime number?
False
Suppose -7*y - 3321 = -1396. Let s = y + 508. Is s prime?
True
Let d(i) = -25*i - 117. Let f be d(-5). Is 6357 + (2 - f - (-7 + 5)) composite?
False
Let r be (9/36)/((-2)/(-24)). Let x(j) = -4 + 0 + 350*j**3 - 339*j**r. Is x(3) a composite number?
False
Suppose 2*p - 2*i = i + 8048, 20142 = 5*p - 2*i. Let b = 6191 - p. Is b a prime number?
True
Let z = 337 - 315. Suppose 4*h = -c + 24454, 0 = -5*h + z*c - 18*c + 30557. Is h a composite number?
False
Suppose -5*s + 12 - 1 = -4*u, 5*u = -2*s + 11. Let q be (31890/8)/(s/8). Is q/4 + (-9)/(-18) + 1 prime?
True
Let u(l) = l**3 - 21*l**2 + 29*l - 42. Let j(p) = 1. Let d(i) = -2*j(i) - u(i). Is d(19) composite?
False
Let k = 113 + -102. Suppose 0 = k*u + 11160 - 27781. Is u composite?
False
Suppose -b + 2*j + 864 = -3*j, -4412 = -5*b + 2*j. Suppose -p - l + b = 0, 4*l + 6 = 2*l. Is p a composite number?
False
Let v(y) = 46*y**2 + 29. Suppose 0 = -31*g - 20 - 259. Is v(g) a prime number?
False
Let b be (-3)/(-9)*9 + 9. Let n(k) = -b*k + 4 + 43*k - 1. Is n(8) a prime number?
True
Let j(m) = m**2 + 3*m + 3. Let b be j(3). Suppose -2*c - 2*g = -2210, -5*g = -1 + b. Is c composite?
False
Let q(v) = 31*v + 38. Suppose 0 = 3*g - 6, -k + 22 = -3*k + 5*g. Let i be q(k). Let x = i + 305. Is x a composite number?
False
Let r be 2 + 2 + 0/6. Suppose -5*b + 19319 = v, -2483 + 17927 = r*b - 2*v. Is b a prime number?
True
Let g(s) = -1393*s - 183. Let b(t) = 2786*t + 365. Let q(r) = 2*b(r) + 5*g(r). Is q(-12) composite?
True
Let b(j) = -j**3 + j**2 + j - 1. Let x(f) = -449*f**3 + 3*f**2 + 6*f + 1. Let c(d) = -2*b(d) + x(d). Is c(-1) prime?
False
Suppose -5 = f - 4*v - 1065, 3*f = 5*v + 3201. Let o = f + -645. Is o composite?
True
Suppose 5*c = -2*z + 4523263 - 585464, 0 = -4*c - 4*z + 3150244. Is c composite?
True
Let v be ((-31126)/8)/((-2)/24*3). Suppose -2*k = 7*o - v, -4*k + 38864 = k + 3*o. Is k prime?
False
Let w be 18/(-24) - (-4)/(-8*2). Is w*(1494662/(-130) + 2/5) a composite number?
False
Suppose -403*u = -414*u + 325391. Is u a composite number?
False
Suppose -313 = 5*s - 2008. Suppose 5*k + 3*k - 6896 = 0. Let u = k - s. Is u a composite number?
False
Suppose -31949282 = -53*x + 31497177. Is x prime?
True
Let t be (372/(-155))/(4/30). Let y = t + 8. Let h(c) = -40*c - 19. Is h(y) a prime number?
False
Let l = 6 - 6. Suppose -2*z + 4*b = -z - 13, -z + 3*b + 8 = l. Is 1*246 - (z - (0 - 4)) prime?
False
Let c(i) = i**2 + i. Let r(k) = 4*k**2 - 2*k - 4. Let v(n) = -3*c(n) + r(n). Let a be v(6). Suppose 0 = d + a, d = -l - 0*d + 183. Is l prime?
False
Let j = 63 + -63. Let i be j + ((-2)/4*0)/(-2). Is (-3)/(3/(-391)) + i/(-1) a composite number?
True
Let q(k) = -1304*k**3 + k**2 - 2*k + 13. Let b be q(5). Is (-2)/(-14) + b/(-63) prime?
False
Let r = 26214 - -13509. Is r a prime number?
False
Suppose 0*u + 37*u + 814 = 0. Let a(p) = -p**3 + 5*p**2 + 2*p - 4. Let j be a(5). Is 1760/6 - (4 + u/j) a prime number?
True
Let n(q) = 195779*q**2 + 175*q + 7. Is n(2) composite?
False
Suppose 5*b - 1103 - 62 = 0. Let v = b - 342. Let i = v + 254. Is i a composite number?
True
Let a = 697 - -1532. Suppose 2*c - 2209 = -3*n, -3*n + a = -0*n - 3*c. Is n composite?
False
Let t(q) = -3*q - 18. Let z be t(-7). Let u(k) = 0*k + 7 - z*k + 0*k - k + 58*k**2. Is u(3) prime?
False
Suppose -7*m + 237164 = -m - 74422. Is m composite?
True
Suppose -62*a = -59*a. Suppose a = 11*n - 13*n - 11866. Let j = -2440 - n. Is j a prime number?
False
Let m(r) = -1939*r - 11680. Is m(-9) a composite number?
True
Suppose 3*a + 2*d = 257321, -3*d - 343123 = -35*a + 31*a. Is a a composite number?
True
Let x = 867489 - -232730. Is x prime?
True
Let p(r) = 20026*r**2 + 426*r + 2133. Is p(-5) composite?
True
Suppose 2210613 - 52162 = 331*m. Is m a prime number?
True
Let q(w) = -37*w**2 + 18*w - 92. Let d be q(6). Suppose 2*t - 545 = 3*t. Let l = t - d. Is l a composite number?
True
Let d(u) = -14*u**3 + 2*u**2 - 4. Let z be d(-2). Let n = z + -112. Suppose -2*q + 16838 = o, 0 = n*q - 4*o - 21469 - 12207. Is q a composite number?
False
Let x(y) = 64*y - 27. Suppose 0 = -4*i - 4*w + 32, -5*i - 3*w + 55 = -w. Suppose 8*f = i*f - 25. Is x(f) composite?
False
Suppose -30009 = 6*z - 5*h - 112998, 2*z - 2*h = 27664. Let t = z - 5686. Is t a prime number?
False
Suppose 383916968 = 534*t - 47902666. Is t a prime number?
True
Let a = 13668 - -23939. Is a prime?
True
Suppose 4*v - 8*v + 316 = 0. Suppose 0 = v*u - 77*u - 12490. Is u composite?
True
Let x(a) = -42*a**3 - 5*a**2 + a + 37. Suppose -20 = 4*v + n, 4*n = -11*v + 12*v + 22. Is x(v) a composite number?
False
Suppose -16938 - 19497 = -7*f. Suppose 4*p - f = v, 0*v = -3*p - v + 3902. Let x = 2256 - p. Is x prime?
False
Is 1*(-2)/17 + 638529320/1768 a prime number?
True
Let n = -878 + 613. Let u = -390 - n. Let z = u + 244. Is z composite?
True
Suppose 2*j + 4*x + 1066 = -0*x, -j - 530 = x. Let l = j - -847. Let n = l + -129. Is n a prime number?
True
Let k(h) = -h + 18. Let p be k(13). Suppose p*i = 6 + 24. Suppose 5*z + 2*o - 3443 = i*o, z + o = 694. Is z composite?
False
Suppose -q = -4*f + 1459923, f - 4*q - 456460 + 91453 = 0. Is f prime?
True
Suppose -m + 10*c = -193947, 2*c = 5*m - 1181012 + 211325. Is m a prime number?
True
Suppose -4825 + 14767 = 6*z. Let y = 3054 - z. Is y prime?
False
Let y be -247*(3 + -2)*(-10 + -1). Suppose 5*u - 3*d + 5*d = y, 5*d + 20 = 0. Suppose -w = -b + u, w = -w + 4. Is b a prime number?
True
Let x = -124 + 145. Is x/63 - (-2390)/3 prime?
True
Let b = 617 - 609. Suppose b*w = 10*w - 5*k - 31541, -4*w + 63117 = -3*k. Is w a composite number?
True
Is ((-3)/8 - (-325)/(-520))*-82486 composite?
True
Let a = -938 - -1355. Let n = a + -287. Suppose 126 = 2*o - 2*t - n, 0 = 3*o - 5*t - 374. Is o a prime number?
False
Suppose 7*i = 10*i - 6. Suppose -q + 846 = d, -i*q + 2*d + 1696 = 3*d. Suppose 0 = -v - 4*u + q, 3*v + u = 5*u + 2598. Is v a composite number?
True
Let i = -12213 + 24495. Suppose i = -4*s + 38710. Is s a composite number?
False
Let d be (-3685)/(-25) - 15/(-25) - -5. Suppose -d*s + 161*s = 82648. Is s prime?
True
Let g(h) = 4*h**3 + 4*h**2 + h + 374. Let u(t) = 3*t**3 + 3*t**2 + t + 375. Let k(z) = -4*g(z) + 5*u(z). Is k(0) a composite number?
False
Suppose 72 = b + 17*b. Suppose 3247 = z + b*k, 12946 = 5*z - z - 5*k. Is z prime?
False
Let v(z) = 2023*z**2 + 92*z - 259. Is v(6) a prime number?
True
Let y = 56 + -51. Suppose -y*p + 9948 = 2*o, 0 = -3*o - 2*p + 6*p + 14899. Is o composite?
False
Let n = 61 - 61. Suppose -4*q - 13 + 37 = n. Let h(f) = 2*f**3 + 2*f**2 - 14*f - 1. Is h(q) a composite number?
False
Suppose 154 = 2*a + 2*t, 6*t = -4*a + 8*t + 278. Let v be 21 - (1 - 2/2). Suppose a = 3*x - v. Is x a composite number?
False
Let g(l) = 2*l**3 - 9*l**2 + 8*l - 57. Let b be g(5). Suppose 0 = 5*i + 3*v - 130655, 104524 = -4*i + b*i - 5*v. Is i prime?
False
Suppose -593089 = -76*s + 1037339. Is s prime?
False
Let p be (-65)/(((-102)/5796)/17). Suppose 10*v - p = 31120. Is v composite?
False
Let r = -7880 + 12858. Let w = r + -3077. Is w prime?
True
Let v = 95499 + -48310. Is v a composite number?
False
Suppose 33707 = -6*j - 59677. Let y = -9997 - j. Is y prime?
False
Let z be 1825/15*(54 - -6). Suppose 4*g - z = -2*j - 2*j, 0 = 2*j - g - 3644. Is j composite?
False
Let l = -3769 + 6768. Is l a prime number?
True
Let q = -1187339 - -2083620. Is q composite?
False
Let s = 27 - 24. Suppose s*f + 6 = 27. Suppose 0 = 3*i - f*i + 5*g + 1348, g = -i + 337. Is i composite?
False
Suppose -9 - 2 = -g + 4*i, i = 5*g - 17. Is (310/(-3) + 4)/((-2)/g) composite?
False
Suppose 0 = -w - 4*b + 1, -4*w + 5*b = -0*w - 67. Let c = w - 1